{"id":605,"date":"2025-09-28T15:10:47","date_gmt":"2025-09-28T13:10:47","guid":{"rendered":"https:\/\/tempsmortrbx.com\/?page_id=605"},"modified":"2025-09-28T15:10:47","modified_gmt":"2025-09-28T13:10:47","slug":"origin-story","status":"publish","type":"page","link":"https:\/\/tempsmortrbx.com\/index.php\/origin-story\/","title":{"rendered":"Origin Story"},"content":{"rendered":"<style>.wp-block-kadence-spacer.kt-block-spacer-605_d8c99d-85 .kt-block-spacer{height:60px;}.wp-block-kadence-spacer.kt-block-spacer-605_d8c99d-85 .kt-divider{border-top-width:1px;height:1px;border-top-color:#eee;width:80%;border-top-style:solid;}<\/style>\n<div class=\"wp-block-kadence-spacer aligncenter kt-block-spacer-605_d8c99d-85\"><div class=\"kt-block-spacer kt-block-spacer-halign-center\"><hr class=\"kt-divider\"\/><\/div><\/div>\n\n\n<div class=\"pt-cv-wrapper\"><div class=\"pt-cv-view pt-cv-overlaygrid iscvblock iscvhybrid overlay1 layout1\" id=\"pt-cv-view-7c2425bkvu\"><div data-id=\"pt-cv-page-1\" class=\"pt-cv-page\" data-cvc=\"3\"><div class=\" pt-cv-content-item pt-cv-1-col\" ><div class=\"pt-cv-thumb-wrapper  \"><a href=\"https:\/\/tempsmortrbx.com\/index.php\/2025\/10\/03\/origin-story-1-tom-blanc\/\" class=\"_self pt-cv-href-thumbnail pt-cv-thumb-default\" target=\"_self\" ><img data-opt-id=1680521286  fetchpriority=\"high\" decoding=\"async\" width=\"300\" height=\"200\" src=\"https:\/\/ml9oa5qkeetn.i.optimole.com\/w:300\/h:200\/q:mauto\/ig:avif\/https:\/\/tempsmortrbx.com\/wp-content\/uploads\/2025\/09\/IMG_1838-2.jpg\" class=\"pt-cv-thumbnail\" alt=\"\" srcset=\"https:\/\/ml9oa5qkeetn.i.optimole.com\/w:300\/h:200\/q:mauto\/ig:avif\/https:\/\/tempsmortrbx.com\/wp-content\/uploads\/2025\/09\/IMG_1838-2.jpg 300w, https:\/\/ml9oa5qkeetn.i.optimole.com\/w:1024\/h:683\/q:mauto\/ig:avif\/https:\/\/tempsmortrbx.com\/wp-content\/uploads\/2025\/09\/IMG_1838-2.jpg 1024w, https:\/\/ml9oa5qkeetn.i.optimole.com\/w:768\/h:512\/q:mauto\/ig:avif\/https:\/\/tempsmortrbx.com\/wp-content\/uploads\/2025\/09\/IMG_1838-2.jpg 768w, https:\/\/ml9oa5qkeetn.i.optimole.com\/w:1200\/h:800\/q:mauto\/ig:avif\/https:\/\/tempsmortrbx.com\/wp-content\/uploads\/2025\/09\/IMG_1838-2.jpg 1200w\" sizes=\"(max-width: 300px) 100vw, 300px\" \/><\/a><\/div>\n<div class=\"pt-cv-overlay-wrapper\"><div class=\"pt-cv-taxoterm above_title\"><a href='https:\/\/tempsmortrbx.com\/index.php\/category\/origin-story\/' title='Origin Story' class='pt-cv-tax-origin-story'>Origin Story<\/a><\/div><h4 class=\"pt-cv-title\"><a href=\"https:\/\/tempsmortrbx.com\/index.php\/2025\/10\/03\/origin-story-1-tom-blanc\/\" class=\"_self\" target=\"_self\" >Origin Story #1 : Tom Blanc<\/a><\/h4><div class=\"pt-cv-content\">Cr\u00e9dit photo : Sylvie Bruneau Un marseillais au Canada Des terrains de football phoc\u00e9ens aux contr\u00e9es Qu\u00e9b\u00e9coise, Tom Blanc a ...<br \/><div class=\"pt-cv-rmwrap\"><a href=\"https:\/\/tempsmortrbx.com\/index.php\/2025\/10\/03\/origin-story-1-tom-blanc\/\" class=\"_self pt-cv-readmore btn btn-success\" target=\"_self\">Lire La Suite\u2026<\/a><\/div><\/div><\/div><\/div><\/div><\/div><\/div>\t\t\t<style type=\"text\/css\" id=\"pt-cv-inline-style-aee10725z8\">#pt-cv-view-7c2425bkvu .pt-cv-thumb-wrapper::before {background: rgba(0,0,0,.4); opacity: 0.8;}#pt-cv-view-7c2425bkvu .pt-cv-overlay-wrapper {justify-content: flex-end;}\n#pt-cv-view-7c2425bkvu > .pt-cv-page {grid-template-columns: repeat(3, 1fr);grid-auto-rows: 250px;grid-gap: 15px;}\n@media all and (max-width: 1024px) { \n#pt-cv-view-7c2425bkvu > .pt-cv-page {grid-template-columns: repeat(1, 1fr);}\n} \n@media all and (max-width: 767px) { \n#pt-cv-view-7c2425bkvu > .pt-cv-page {grid-template-columns: repeat(1, 1fr);}\n} <\/style>\r\n\t\t\t\n","protected":false},"excerpt":{"rendered":"","protected":false},"author":1,"featured_media":0,"parent":0,"menu_order":0,"comment_status":"closed","ping_status":"closed","template":"","meta":{"give_campaign_id":0,"_themeisle_gutenberg_block_has_review":false,"_kadence_starter_templates_imported_post":false,"_kad_post_transparent":"","_kad_post_title":"","_kad_post_layout":"","_kad_post_sidebar_id":"","_kad_post_content_style":"","_kad_post_vertical_padding":"","_kad_post_feature":"","_kad_post_feature_position":"","_kad_post_header":false,"_kad_post_footer":false,"footnotes":""},"class_list":["post-605","page","type-page","status-publish","hentry"],"campaignId":"","jetpack_sharing_enabled":true,"jetpack-related-posts":[{"id":507,"url":"https:\/\/tempsmortrbx.com\/index.php\/archives\/","url_meta":{"origin":605,"position":0},"title":"Archives","author":"Arnaud Dignocourt","date":"25 ao\u00fbt 2025","format":false,"excerpt":"","rel":"","context":"Article similaire","block_context":{"text":"Article similaire","link":""},"img":{"alt_text":"","src":"","width":0,"height":0},"classes":[]},{"id":520,"url":"https:\/\/tempsmortrbx.com\/index.php\/inside-the-west\/","url_meta":{"origin":605,"position":1},"title":"Inside the West","author":"Arnaud Dignocourt","date":"3 septembre 2025","format":false,"excerpt":"","rel":"","context":"Article similaire","block_context":{"text":"Article similaire","link":""},"img":{"alt_text":"","src":"","width":0,"height":0},"classes":[]},{"id":490,"url":"https:\/\/tempsmortrbx.com\/index.php\/contenus\/","url_meta":{"origin":605,"position":2},"title":"Contenus","author":"Arnaud Dignocourt","date":"25 ao\u00fbt 2025","format":false,"excerpt":"Nos diff\u00e9rents contenus Des r\u00e9cits passionnants NFL Inside The West Plongez dans la NFL \u00e0 travers les quatre \u00e9quipes de la NFC West ! l'actu Tous nos articles Retrouvez tous nos articles, du plus r\u00e9cent aux plus anciens. portrait Origin Story Un article portrait par mois !La formule \"classique\". les\u2026","rel":"","context":"Article similaire","block_context":{"text":"Article similaire","link":""},"img":{"alt_text":"","src":"https:\/\/ml9oa5qkeetn.i.optimole.com\/w:1024\/h:1024\/q:mauto\/ig:avif\/https:\/\/i0.wp.com\/tempsmortrbx.com\/wp-content\/uploads\/2025\/08\/2-1.png?resize=350%2C200","width":350,"height":200,"srcset":"https:\/\/ml9oa5qkeetn.i.optimole.com\/w:1024\/h:1024\/q:mauto\/ig:avif\/https:\/\/i0.wp.com\/tempsmortrbx.com\/wp-content\/uploads\/2025\/08\/2-1.png?resize=350%2C200 1x, https:\/\/ml9oa5qkeetn.i.optimole.com\/w:1024\/h:1024\/q:mauto\/ig:avif\/https:\/\/i0.wp.com\/tempsmortrbx.com\/wp-content\/uploads\/2025\/08\/2-1.png?resize=525%2C300 1.5x, https:\/\/ml9oa5qkeetn.i.optimole.com\/w:1024\/h:1024\/q:mauto\/ig:avif\/https:\/\/i0.wp.com\/tempsmortrbx.com\/wp-content\/uploads\/2025\/08\/2-1.png?resize=700%2C400 2x"},"classes":[]},{"id":313,"url":"https:\/\/tempsmortrbx.com\/","url_meta":{"origin":605,"position":3},"title":"Home","author":"Arnaud Dignocourt","date":"15 juillet 2025","format":false,"excerpt":"Bienvenue ! D\u00e9couvrez notre travail. Pour les amateurs de sport, par des amateurs de sport. Articles Interviews & Portraits Vid\u00e9os Photos On red\u00e9marre pas tout \u00e0 fait de 0. Depuis 2023, Temps Mort, c'est : 20+ Articles publi\u00e9s 2000+ Lecteurs enregistr\u00e9s On a \u00e9norm\u00e9ment d'id\u00e9es Une grande partie d'entre elles\u2026","rel":"","context":"Article similaire","block_context":{"text":"Article similaire","link":""},"img":{"alt_text":"","src":"https:\/\/ml9oa5qkeetn.i.optimole.com\/w:auto\/h:auto\/q:mauto\/ig:avif\/https:\/\/i0.wp.com\/tempsmortrbx.com\/wp-content\/uploads\/2025\/08\/3-2.png?resize=350%2C200&ssl=1","width":350,"height":200,"srcset":"https:\/\/ml9oa5qkeetn.i.optimole.com\/w:auto\/h:auto\/q:mauto\/ig:avif\/https:\/\/i0.wp.com\/tempsmortrbx.com\/wp-content\/uploads\/2025\/08\/3-2.png?resize=350%2C200&ssl=1 1x, https:\/\/ml9oa5qkeetn.i.optimole.com\/w:auto\/h:auto\/q:mauto\/ig:avif\/https:\/\/i0.wp.com\/tempsmortrbx.com\/wp-content\/uploads\/2025\/08\/3-2.png?resize=525%2C300&ssl=1 1.5x, https:\/\/ml9oa5qkeetn.i.optimole.com\/w:auto\/h:auto\/q:mauto\/ig:avif\/https:\/\/i0.wp.com\/tempsmortrbx.com\/wp-content\/uploads\/2025\/08\/3-2.png?resize=700%2C400&ssl=1 2x, https:\/\/ml9oa5qkeetn.i.optimole.com\/w:auto\/h:auto\/q:mauto\/ig:avif\/https:\/\/i0.wp.com\/tempsmortrbx.com\/wp-content\/uploads\/2025\/08\/3-2.png?resize=1050%2C600&ssl=1 3x, https:\/\/ml9oa5qkeetn.i.optimole.com\/w:auto\/h:auto\/q:mauto\/ig:avif\/https:\/\/i0.wp.com\/tempsmortrbx.com\/wp-content\/uploads\/2025\/08\/3-2.png?resize=1400%2C800&ssl=1 4x"},"classes":[]},{"id":315,"url":"https:\/\/tempsmortrbx.com\/index.php\/contact\/","url_meta":{"origin":605,"position":4},"title":"Contact","author":"Arnaud Dignocourt","date":"15 juillet 2025","format":false,"excerpt":"Contactez-nous Nous serions ravis d'entendre vos id\u00e9es et vos questions. On essaie de r\u00e9pondre le plus vite possible Mais on ne travaille pas \u00e0 temps plein sur Temps Mort. On vous r\u00e9pondra au mieux sous trois jours. Tu veux nous rejoindre ?Ce formulaire est aussi l\u00e0 pour \u00e7a. N'h\u00e9site pas\u2026","rel":"","context":"Article similaire","block_context":{"text":"Article similaire","link":""},"img":{"alt_text":"","src":"","width":0,"height":0},"classes":[]},{"id":314,"url":"https:\/\/tempsmortrbx.com\/index.php\/a-propos-de-nous\/","url_meta":{"origin":605,"position":5},"title":"\u00e0 propos de nous","author":"Arnaud Dignocourt","date":"15 juillet 2025","format":false,"excerpt":"\u00c0 propos de nous D\u00e9couvrez la nouvelle \u00e9tape de Temps Mort. On vous l'annon\u00e7ait en Mai : On avait tout perdu. Tous nos brouillons, toutes nos pages et toutes nos donn\u00e9es ont \u00e9t\u00e9s perdus. Et plut\u00f4t que de revenir avec la m\u00eame formule, on a fait le choix de travailler\u2026","rel":"","context":"Article similaire","block_context":{"text":"Article similaire","link":""},"img":{"alt_text":"","src":"","width":0,"height":0},"classes":[]}],"_links":{"self":[{"href":"https:\/\/tempsmortrbx.com\/index.php\/wp-json\/wp\/v2\/pages\/605","targetHints":{"allow":["GET"]}}],"collection":[{"href":"https:\/\/tempsmortrbx.com\/index.php\/wp-json\/wp\/v2\/pages"}],"about":[{"href":"https:\/\/tempsmortrbx.com\/index.php\/wp-json\/wp\/v2\/types\/page"}],"author":[{"embeddable":true,"href":"https:\/\/tempsmortrbx.com\/index.php\/wp-json\/wp\/v2\/users\/1"}],"replies":[{"embeddable":true,"href":"https:\/\/tempsmortrbx.com\/index.php\/wp-json\/wp\/v2\/comments?post=605"}],"version-history":[{"count":1,"href":"https:\/\/tempsmortrbx.com\/index.php\/wp-json\/wp\/v2\/pages\/605\/revisions"}],"predecessor-version":[{"id":607,"href":"https:\/\/tempsmortrbx.com\/index.php\/wp-json\/wp\/v2\/pages\/605\/revisions\/607"}],"wp:attachment":[{"href":"https:\/\/tempsmortrbx.com\/index.php\/wp-json\/wp\/v2\/media?parent=605"}],"curies":[{"name":"wp","href":"https:\/\/api.w.org\/{rel}","templated":true}]}}